g**2/2 + 6*g. What are the prime factors of w(0)?
3
Suppose 5*f - 25 = 0, -2*z = -3*z - 2*f + 91. Let v = z + -55. List the prime factors of v.
2, 13
Let u(t) = 7*t**2 + 11*t + 20. Let i be u(9). List the prime factors of ((-14)/(-4) - 2)*i/21.
7
Let m(x) = x**2 + 2*x + 2. Let r be m(-3). Suppose -3*u = -r*u + 8. What are the prime factors of (-30)/u*(2 + -4)?
3, 5
Suppose 2594 = 5*p - 2721. List the prime factors of p.
1063
Let h = 501 - 276. What are the prime factors of h?
3, 5
Let g(c) = 2*c**3 - 12*c**2 - 15*c - 4. What are the prime factors of g(11)?
3, 347
List the prime factors of 2 + (-7 - -7) + 1935.
13, 149
Let w = -145 - -926. What are the prime factors of w?
11, 71
Suppose -5*p = -2*c - 3108, p - 426 = 4*c + 192. What are the prime factors of p?
2, 311
Let t(k) = k**3 - 2*k**2 + 3. Let i be t(3). Let d be (-2 - 1) + 0 - i. What are the prime factors of 5/d + 19/3?
2, 3
What are the prime factors of (-13 + (-380)/30)/(2/(-48))?
2, 7, 11
Let n = 6 - -4. Suppose n = 13*d - 8*d. Suppose d*x - 4 = -f, 3*x = 4*f - f + 6. List the prime factors of x.
2
Suppose -2*r - 8 = 0, 0 = 3*t + r - 4040 + 1188. What are the prime factors of t?
2, 7, 17
Let b(t) = 258*t**2 + 11*t - 33. What are the prime factors of b(2)?
1021
Let i(m) = 2 + 2 + 4*m**2 - m - 1. Let f be i(-3). Let a = f - -10. List the prime factors of a.
2, 13
Suppose 0 = -4*l + 3086 + 166. List the prime factors of l.
3, 271
Let d = -49 - -46. What are the prime factors of -2 + -3 + d*(-71)/3?
2, 3, 11
Let r = 276 + -166. List the prime factors of r.
2, 5, 11
Suppose 4*f - 916 - 1500 = 0. List the prime factors of f.
2, 151
What are the prime factors of 5/4 - (-148)/32*430?
2, 5, 199
Suppose 0*c + m - 60 = -5*c, -5*c + 60 = 5*m. Suppose -c*k = -15*k + 222. List the prime factors of k.
2, 37
What are the prime factors of 735/15*210/2 - 6?
3, 571
Let a(n) = n**3 - 8*n**2 - 5*n + 20. Let c be a(8). Let y be (-175)/(-14) + (-1)/2. List the prime factors of 5/(c/y) - -63.
2, 3, 5
Suppose -18*i + 18410 = -8*i. What are the prime factors of i?
7, 263
Let u = 38 + -35. Suppose u = -3*d + 18, 5*b - d - 1555 = 0. List the prime factors of b.
2, 3, 13
Let i be (-1 + 3)*24 + 2. Suppose 69 + 153 = 3*h. Let u = h - i. What are the prime factors of u?
2, 3
Let y(o) = -61*o + 7. Let j be y(11). What are the prime factors of j/(-16) + (-2)/(-4)?
2, 3, 7
Let i = -50 - -41. What are the prime factors of ((-232)/6)/(3/i)?
2, 29
Let j(h) = -301*h + 1 + 303*h - 2 + 2*h**2 - 6. List the prime factors of j(6).
7, 11
Let u(m) = -2*m**2 + 36*m - 10. Let f be u(20). List the prime factors of ((-612)/f)/(-1 - (-6)/5).
2, 17
Let f = 119 - 119. Suppose -2*b + 5*b - 222 = f. List the prime factors of b.
2, 37
Let q = -352 + 1322. List the prime factors of q.
2, 5, 97
Suppose 9*b - 5*b = -136. Let k = b + 80. What are the prime factors of k?
2, 23
Let q = 13 + 32. Suppose -245 = -4*y - q. List the prime factors of y.
2, 5
What are the prime factors of (-13)/(-1) - (-49 + 49)?
13
Let t = 99 + -264. Let x = t + 255. What are the prime factors of x?
2, 3, 5
List the prime factors of (36/(-45))/((-2)/5465).
2, 1093
List the prime factors of (-44275)/(-69)*(4 - 1).
5, 7, 11
Suppose 6*v = 3*v + z + 22, 3*v = 3*z + 18. Let r(k) = -k**3 + 11*k**2 - 19*k + 11. List the prime factors of r(v).
3, 17
Suppose 10*g + 13*g = 64860. What are the prime factors of g?
2, 3, 5, 47
Let h be 26 + -26 + (0/(-1) - -2). List the prime factors of 1 - ((-1)/2)/(h/64).
17
Suppose 0 = -11*a + 6*a + 185. Let d = a - 35. Suppose -4*p = -0*p - d*i - 124, -3*p = i - 98. List the prime factors of p.
2
Let s(z) = 9*z**2 + 3*z + 1. Let k be s(-2). Suppose -3*n = -4*g + 8 - 55, 3*n + 65 = -4*g. Let c = k + g. What are the prime factors of c?
17
Suppose 0 = 3*p - 574 - 251. Suppose -34*k = -29*k - p. List the prime factors of k.
5, 11
Let c be 5 + -1 - (-81 - 1). Suppose 7*w = 4*w + 12. Suppose -4*h + 4*j + 70 = j, 5*j - c = -w*h. What are the prime factors of h?
19
Let i be (1 - -3 - -4)/2. Suppose 19 = i*k - 5. What are the prime factors of (-4)/1 + k/1?
2
Let p = -3 - 1. Let x be (-2)/p*(-2 + 10). Suppose -47 - 21 = -x*g. List the prime factors of g.
17
Let a = 99 + 850. List the prime factors of a.
13, 73
Let p(i) = i**3 - 3*i**2 - 9*i + 10. Let y be p(5). Let v be ((-2)/2)/((-5)/y). Suppose v*b = -45 + 120. List the prime factors of b.
5
Suppose 0 = 4*o - 0*o. Let z be 3/(o - -3) - -11. Let u = 16 - z. What are the prime factors of u?
2
Suppose -17*w + 14*w = r - 3369, -8 = -4*w. List the prime factors of r.
3, 19, 59
Suppose 2732 = 4*u - 1112. Suppose -3*d = -0*d + 3*c - 723, -4*d + u = 5*c. List the prime factors of d.
2, 61
Let o(v) = 2*v**2 - 6*v + 1383. What are the prime factors of o(0)?
3, 461
Suppose -5*t - 3*o = -7, -3*t - o + 2 = -3. Suppose -3*a + 4*b = -794, b + 1316 = 5*a - t*b. What are the prime factors of a?
2, 131
List the prime factors of 1646 + 1 - 1*(-18)/3.
3, 19, 29
Let y = 45 - 39. Suppose -y*p + 71 - 11 = 0. List the prime factors of p.
2, 5
Let j(b) = 12*b**2 + 3*b - 11. Let q be j(5). List the prime factors of (5 + -2)*q/24.
2, 19
Let h(t) = t**3 - 21*t**2 + 4*t + 8. Suppose 4*s = -2*s + 126. What are the prime factors of h(s)?
2, 23
Let r = 94 + -57. Suppose d = r - 9. What are the prime factors of d?
2, 7
Suppose -4*v - 5*y - 42 = -169, -91 = -2*v + 3*y. Let s = v + -23. Suppose -170 + s = -5*a. List the prime factors of a.
31
Let u = -16 + 19. Suppose 0*t - 24 = u*m + 3*t, -3*m - 23 = 2*t. Let a(l) = -3*l + 2. What are the prime factors of a(m)?
23
Suppose -2060 - 1369 = -3*f - 3*n, -4*f - 5*n = -4575. List the prime factors of f.
2, 3, 5, 19
Suppose -30*b + 15715 = -9035. What are the prime factors of b?
3, 5, 11
Let r be (-300)/8*(-6)/9*1. Suppose -293 = -3*s + r. What are the prime factors of s?
2, 53
Let o(h) = -3*h + 27. Let t be o(8). Let k(n) be the second derivative of 7*n**3/6 - n. What are the prime factors of k(t)?
3, 7
Let q = 30 + -32. List the prime factors of 3 + (-50)/q + 2.
2, 3, 5
Let i(w) = 1594*w**2 - 17*w - 16. List the prime factors of i(-1).
5, 11, 29
Suppose -5*z + 24 = 2*m, 4*m - 16 = -2*z - 0. Let g be (-15 + -6)*(0 - 1). Suppose 4*c + x - g = 0, -9 = -c + m*x - x. What are the prime factors of c?
2, 3
Suppose 9*h - 425 = 8*h. What are the prime factors of h?
5, 17
Let x = -113 + 113. Suppose x = 4*u + 35 - 131. List the prime factors of u.
2, 3
Let p(x) = -21*x**2 + 4*x - 5. Let o(g) = 31*g**2 - 6*g + 8. Let s(j) = -5*o(j) - 8*p(j). What are the prime factors of s(2)?
2, 3
Suppose 0 = 11*y + 8 - 382. Suppose -2*m + 4*m = 4. Suppose -m*p + p = -y. What are the prime factors of p?
2, 17
Let n = 18 - 3. Suppose 4*r - 2*p + p - 75 = 0, n = -5*p. Let i = r + -12. What are the prime factors of i?
2, 3
Suppose 0 = -4*t + 20, 0 = 4*f - t + 13 + 12. List the prime factors of ((-4)/5)/(-2) - 883/f.
3, 59
Suppose 2*y - 8 = -2*y. Suppose -a - 5*g - 21 = 0, -10 = -5*a - 0*g - y*g. Suppose -q + 39 = 3*p, -2 = -q - a*p + 41. What are the prime factors of q?
3
Suppose -32*u - 11076 = -45*u. List the prime factors of u.
2, 3, 71
Suppose -3*j = 19 - 4, 5*q - 5*j = 30. List the prime factors of 1/(-1 + -1 + q) - -29.
2, 7
Let n = 32 - 29. Suppose -6*i + 93 = -n*i. List the prime factors of i.
31
Let k be (-920)/2*5/10. What are the prime factors of 15/(-45) + k/(-6)?
2, 19
Suppose -5*a + 483 + 572 = 5*u, 4*u = -a + 205. What are the prime factors of a?
3, 71
Let y be (-2 - 3/9)*15. Let p = -24 - y. Suppose -k + f - p = -34, f = 1. List the prime factors of k.
2, 3
Suppose -8*n - 343 = -3791. What are the prime factors of n?
431
Let s = 133 + -119. Let l(a) = 10*a - 66. List the prime factors of l(s).
2, 37
Let k be (780/(-9))/((-4)/18). Let a be k/(-91)*(7 - 0). Let f = a + 83. What are the prime factors of f?
53
Let v(g) be the first derivative of g**3/3 - 7*g**2/2 - 6*g - 9. Let i be v(9). List the prime factors of ((-44)/i - -4)*66.
2, 11
What are the prime factors of 17651*(-1)/(-5) + (-59)/295?
2, 5, 353
Let u be (-22)/(-6) - 14/21. Suppose u*n + 15 = -2*n. What are the prime factors of -3 + 46/(n + 5)?
2, 5
Let d(f) = -187*f**2 - 2. Let b be d(1). Let s = b + 271. What are the prime factors of s?
2, 41
Let a = -6540 - -9361. What are the prime factors of a?
7, 13, 31
Let m(f) = 6*f - 32. Let g be m